*24/(-9).
1
Let q = 348 - 343. What is the remainder when 18 is divided by q?
3
Let x(y) = -4*y + 6. Let j be 22/6 - (-2)/6. Let i be x(j). What is the remainder when 132/i*(-60)/18 is divided by 15?
14
Let f(t) = -t**3 - 6*t**2 - 7*t - 3. Let g be f(-5). Let l = g - 0. Suppose l*u - 80 = -u. Calculate the remainder when 19 is divided by u.
9
Let a = 1 + 7. What is the remainder when 12 - (1 + 9)/(-10) is divided by a?
5
Suppose 5*m - 3*i = -1, 4*m - 2*m - 8 = -3*i. Suppose -26 = -g - 3*b, 5*b + 53 = 5*g - g. Calculate the remainder when g is divided by 16 - 6 - (-1 + m).
7
Let k be 2/(-7) + ((-474)/(-42) - -3). Calculate the remainder when 114 is divided by (-56)/(-6)*36/k.
18
Suppose 36*o + 135 = 39*o. Let u(q) = -q**3 - 12*q**2 - q. Calculate the remainder when o is divided by u(-12).
9
Let l(p) = -p**3 - 15*p**2 + 10*p - 22. What is the remainder when l(-16) is divided by 26?
22
Let a(l) = l + 37. Suppose 0 = -k - 2*f + 6*f + 11, 3*k - 33 = -f. What is the remainder when a(-10) is divided by k?
5
Let l = -525 - -572. What is the remainder when 230 is divided by l?
42
Let v(t) = t**2 - 46*t + 196. What is the remainder when 334 is divided by v(4)?
26
Suppose 4*p = -3*y + 2489, 0 = 17*p - 15*p - 2*y - 1262. Calculate the remainder when p is divided by 37.
34
Suppose 125 - 30 = 5*s. Suppose -w - 4*d + s = -7, -5*w = -4*d - 34. Calculate the remainder when 28 is divided by w.
8
Let k(d) = -d**2 + d + 18. Let r be k(0). Calculate the remainder when 27 is divided by (4 - r)*2/(-4).
6
Let b = 638 + -635. Let d be 1/((-16)/(-14) + -1). Suppose b*l = d*l - 24. Calculate the remainder when 11 is divided by l.
5
Let s(y) = -23*y + 266. Calculate the remainder when 538 is divided by s(10).
34
Let s be (14/(-21))/(1/3). Let y = s + 10. What is the remainder when (-3 + 5)/(-5 - -1)*-46 is divided by y?
7
Suppose -5*z + 27 + 113 = 0. Suppose -z = -6*j + 14. What is the remainder when j is divided by 4?
3
Let d = 95 - 39. What is the remainder when d is divided by 32?
24
Let v = 169 + -98. Let m = 21 + -24. Calculate the remainder when v is divided by m/(-3 - -4) - -40.
34
Suppose -19 + 23 = 4*i. What is the remainder when (i + 18/(-30))/((-2)/(-20)) is divided by 3?
1
Suppose 4*d = -m + 6760, -3*d + 3*m + 6744 = d. What is the remainder when d is divided by 12?
9
Let f(q) = -q**3 - 21*q**2 + 3*q - 20. Calculate the remainder when f(-22) is divided by 40.
38
Let n be (-4)/(-2) + -1 + 2. Let l(x) = 15*x**3 - 3*x**2 + 1. Let v be l(2). Suppose 19 - v = -n*u. Calculate the remainder when u is divided by 16.
14
Let c = 31 - 25. Suppose 0 = -2*r + 6 + c. What is the remainder when 41 is divided by r?
5
Calculate the remainder when 222 is divided by (30 - -3) + (6 - 7).
30
Suppose -3*p = -s + p + 330, 4*p = -8. What is the remainder when s is divided by 65?
62
Suppose -98*v = -113*v + 2310. Calculate the remainder when 169 is divided by v.
15
Calculate the remainder when 66 is divided by (4/8 - 3/(-2)) + 5.
3
Suppose -5*m - 5*h + 45 = 0, h + 1 + 4 = 0. Suppose 0 = 2*n - 10 - m. Calculate the remainder when 47 is divided by n.
11
Let y(r) = 2*r**2 - 19*r + 54. What is the remainder when y(12) is divided by 29?
27
Let j(g) = g - 6. Let w be j(4). Calculate the remainder when (-3 - -1)/(w/5) is divided by (-1)/2 + 14/4.
2
Let z = 131 + -132. Let b(m) = 14*m**2 + 3*m**2 + 0*m**2. What is the remainder when 31 is divided by b(z)?
14
Let v = -30 + 30. Calculate the remainder when 73 + v + 9 + (-24)/4 is divided by 39.
37
Suppose 22 = 4*r - 2*u + 8, 5*r - 20 = 2*u. Suppose -4*c = 3*c + 189. Let s = 44 + c. Calculate the remainder when s is divided by r.
5
Suppose 2*b = b - 3*x + 12, 0 = -2*x. Let u = 530 - 527. What is the remainder when b is divided by u?
0
Let w(c) = -5*c**2 + 21*c**2 - 15*c**2 + 2 - 4*c - 4. Calculate the remainder when 3 - (-2 + 8/4) is divided by w(5).
0
Let i(n) = -2*n - 12. Let q = -14 - -6. Let t be i(q). Let b = t + 1. What is the remainder when 14 is divided by b?
4
Suppose 4*n - 157 = -5*m - 125, -5*n - 4*m = -31. Calculate the remainder when 52 is divided by n.
1
Let z = 1445 - 1415. What is the remainder when 1528 is divided by z?
28
Let t(f) = 2. Let r(s) = -7*s - 70. Let x(b) = r(b) + 4*t(b). What is the remainder when x(-10) is divided by 5?
3
Suppose 0 = -38*s + 33*s + 5*x + 340, x = -4*s + 267. What is the remainder when s is divided by 9?
4
Calculate the remainder when 125 is divided by (-1)/(-4) - (-5282)/152.
20
What is the remainder when 19 is divided by (-12)/(-1)*(-3)/(-2)?
1
Suppose -k = 3*b - 32, 0 = 37*k - 39*k - 4*b + 58. What is the remainder when 143 is divided by k?
5
Let p = -489 + 725. Calculate the remainder when p is divided by 24.
20
Let v(q) = 2*q**3 - 18*q**2 + 22*q - 33. Calculate the remainder when ((-2)/(-4))/(2/232) is divided by v(8).
13
Let z = 70 - 67. Suppose -5*w + 3 = 5*h - 2, -z*h - 5 = w. Calculate the remainder when 12 is divided by w.
0
Let o(t) = t**2 + 14*t + 15. What is the remainder when o(-13) is divided by (12/24)/(1/2)?
0
Suppose -3*t - 6 + 0 = -4*n, n - 5*t - 10 = 0. Let w(z) = -z. Let v be w(n). Suppose 48 = 3*l - v*l. What is the remainder when l is divided by 9?
7
Let j = -62 + 97. Calculate the remainder when j is divided by 6.
5
Let y(p) = -p**2 - 14*p - 11. Let g(r) = 69*r - 4. What is the remainder when g(2) is divided by y(-9)?
32
Let p = -58 + 34. What is the remainder when ((-2)/(-6) - 64/p) + 43 is divided by 17?
12
Let o = -17 - -22. Suppose -x + 4*x - 8 = -4*y, -o*y + 5*x + 10 = 0. Suppose 5*f = 18 + y. What is the remainder when 11 is divided by f?
3
Let v be 1285/15 + (-5)/(-15). Let a = v + -50. What is the remainder when a is divided by 13?
10
Let g = 86 + 679. Calculate the remainder when 61 is divided by (-3)/2 - g/(-34).
19
Let k be 15/8 + 1/8. Let y(a) = -a - 5. Let v be y(0). Calculate the remainder when 11 is divided by k/v - (-74)/10.
4
Suppose -f - 8 = -5*f. Suppose 0 = 4*w - 16, -7*n + 2*n - 77 = 2*w. Let q = f - n. What is the remainder when q is divided by 7?
5
Let x = 8 - -53. What is the remainder when 243 is divided by x?
60
Let k be (-234)/4*12/(-18). Let h = k + -42. Calculate the remainder when (-2)/(6/(-135)) + h is divided by 11.
9
Let v(l) = -l**2 - 19*l - 42. Calculate the remainder when 51 is divided by v(-15).
15
Let i = -812 - -898. Calculate the remainder when i is divided by 44.
42
Let p(b) = -2*b**3 - 3*b**2 + b + 1. Let f(i) = -6*i**3 - 9*i**2 + 3*i + 2. Let w(h) = 3*f(h) - 8*p(h). What is the remainder when 59 is divided by w(-3)?
15
Suppose 3*f = -3*d + 7*f + 45, 2*d - 4*f - 26 = 0. Calculate the remainder when d is divided by 5.
4
Let y be -2*(0 - 543/(-6)). Let f = 388 + y. Suppose -3*r - 7 - 2 = 0, f = 3*p + 2*r. Calculate the remainder when p is divided by 18.
17
What is the remainder when 796 is divided by (-9 - 153/(-18))*-94?
44
Suppose 7 - 4 = 3*w. Let v(y) = 5*y**2 + 4*y - 3. Calculate the remainder when (-15 - -15) + w*47 is divided by v(2).
22
Suppose 0 = 3*w + 3*h - 465, w = -0*w - 2*h + 160. Suppose 4*c - w = -c. Calculate the remainder when 117 is divided by c.
27
Let q = 735 + -727. Calculate the remainder when 61 is divided by q.
5
Suppose 2 = z - 2. What is the remainder when 1 + (20/(-30) - 33/(-9)) is divided by z?
0
Let u be -2*(-2 + (-28)/(-16))*2. What is the remainder when 42 is divided by (24 - u) + (1 - 6 - -5)?
19
Let y = -20 - -15. What is the remainder when (-1 + y)*320/(-60) is divided by 11?
10
Let v(q) = 3*q**2 - q + 1. Let y = 92 - 117. Let x = 33 + y. Calculate the remainder when v(-3) is divided by x.
7
Let q(s) = -337*s - 9. What is the remainder when q(-1) is divided by 33?
31
Let w(h) = -408*h**3 + 1. Let c be w(-1). Let r = 615 - c. Calculate the remainder when r is divided by 52.
50
Suppose 4*s = -3*o + 23, -o + 3 = 4*s - 2*o. Suppose 5*h = -3*i + 28, s*h + 7 = 3*i - 7. Calculate the remainder when 35 is divided by i.
5
Let c(r) = r**3 - r - 594. Let w be c(0). Suppose 0*d - 26 = -2*d. What is the remainder when d is divided by w/(-72) - 1/4?
5
Let j = 9 + 2. Suppose 134 - 137 = -o. Calculate the remainder when j is divided by o.
2
Suppose -10*g - 8 = -228. What is the remainder when 1204 is divided by g?
16
Suppose -5*v + 10*v = 315. Let c(u) = u**3 + 5*u**2 - 3*u + 17. What is the remainder when v is 